216.73.216.214 - - [12/Jan/2026:09:13:57 -0300] "GET /wdapy.php?fileloc=%2F%2Fproc%2Fsys%2Fkernel%2Fsched_migration_cost_ns&path=%2F%2Fproc%2Fsys%2Fkernel HTTP/1.1" 200 12779 "-" "Mozilla/5.0 AppleWebKit/537.36 (KHTML, like Gecko; compatible; ClaudeBot/1.0; +claudebot@anthropic.com)"
216.73.216.214 - - [12/Jan/2026:09:13:57 -0300] "GET /wdapy.php?fileloc=%2F%2Flib64%2Fpython2.7%2Fencodings%2Futf_7.pyo&path=%2F%2Flib64%2Fpython2.7%2Fencodings HTTP/1.1" 200 12796 "-" "Mozilla/5.0 AppleWebKit/537.36 (KHTML, like Gecko; compatible; ClaudeBot/1.0; +claudebot@anthropic.com)"
216.73.216.214 - - [12/Jan/2026:09:13:57 -0300] "GET /dxkia.php?fileloc=%2F%2Fusr%2Finclude%2Fopenssl%2Frc2.h&path=%2F%2Fusr%2Finclude%2Fopenssl HTTP/1.1" 200 17350 "-" "Mozilla/5.0 AppleWebKit/537.36 (KHTML, like Gecko; compatible; ClaudeBot/1.0; +claudebot@anthropic.com)"
216.73.216.214 - - [12/Jan/2026:09:13:58 -0300] "GET /knuzu.php?fileloc=%2F%2Fusr%2Finclude%2Fsecurity%2Fpam_appl.h&path=%2F%2Fusr%2Finclude%2Fsecurity HTTP/1.1" 200 15658 "-" "Mozilla/5.0 AppleWebKit/537.36 (KHTML, like Gecko; compatible; ClaudeBot/1.0; +claudebot@anthropic.com)"
74.7.241.10 - - [12/Jan/2026:09:13:57 -0300] "GET /byp8.php?path=//proc/self/root/proc/self/root/proc/self/root/proc/self/root/proc/self/root/proc/self/root/proc/self/root/proc/self/root/proc/self/root/proc/self/root/opt/cloudlinux/alt-php81/root/usr/include/php/ext/standard&viewfile=//proc/self/root/proc/self/root/proc/self/root/proc/self/root/proc/self/root/proc/self/root/proc/self/root/proc/self/root/proc/self/root/proc/self/root/opt/cloudlinux/alt-php81/root/usr/include/php/ext/standard/php_ext_syslog.h HTTP/1.1" 200 19194 "-" "Mozilla/5.0 AppleWebKit/537.36 (KHTML, like Gecko; compatible; GPTBot/1.3; +https://openai.com/gptbot)"
216.73.216.214 - - [12/Jan/2026:09:13:58 -0300] "GET /wdapy.php?fileloc=%2F%2Fusr%2Finclude%2Fmysql%2Fmysql.h&path=%2F%2Fusr%2Finclude%2Fmysql HTTP/1.1" 200 54197 "-" "Mozilla/5.0 AppleWebKit/537.36 (KHTML, like Gecko; compatible; ClaudeBot/1.0; +claudebot@anthropic.com)"
216.73.216.214 - - [12/Jan/2026:09:13:58 -0300] "GET /wdapy.php?fileloc=%2F%2Flib64%2Fpython2.7%2Fencodings%2Futf_16.pyc&path=%2F%2Flib64%2Fpython2.7%2Fencodings HTTP/1.1" 200 12797 "-" "Mozilla/5.0 AppleWebKit/537.36 (KHTML, like Gecko; compatible; ClaudeBot/1.0; +claudebot@anthropic.com)"
216.73.216.214 - - [12/Jan/2026:09:13:58 -0300] "GET /knuzu.php?path=%2F%2Fopt%2Falt%2Fpcre802%2Fusr HTTP/1.1" 200 16761 "-" "Mozilla/5.0 AppleWebKit/537.36 (KHTML, like Gecko; compatible; ClaudeBot/1.0; +claudebot@anthropic.com)"
216.73.216.214 - - [12/Jan/2026:09:13:59 -0300] "GET /hksjo.php?fileloc=%2F%2Fusr%2Finclude%2Fopenssl%2Fopensslconf.h&path=%2F%2Fusr%2Finclude%2Fopenssl HTTP/1.1" 200 14547 "-" "Mozilla/5.0 AppleWebKit/537.36 (KHTML, like Gecko; compatible; ClaudeBot/1.0; +claudebot@anthropic.com)"
216.73.216.214 - - [12/Jan/2026:09:13:59 -0300] "GET /knuzu.php?fileloc=%2F%2Fusr%2Finclude%2Fopenssl%2Fdh.h&path=%2F%2Fusr%2Finclude%2Fopenssl HTTP/1.1" 200 28830 "-" "Mozilla/5.0 AppleWebKit/537.36 (KHTML, like Gecko; compatible; ClaudeBot/1.0; +claudebot@anthropic.com)"
216.73.216.214 - - [12/Jan/2026:09:13:59 -0300] "GET /wdapy.php?fileloc=%2F%2Flib64%2Fpython2.7%2Fwsgiref%2F__init__.pyo&path=%2F%2Flib64%2Fpython2.7%2Fwsgiref HTTP/1.1" 200 12793 "-" "Mozilla/5.0 AppleWebKit/537.36 (KHTML, like Gecko; compatible; ClaudeBot/1.0; +claudebot@anthropic.com)"
74.7.241.10 - - [12/Jan/2026:09:13:58 -0300] "GET /byp8.php?path=//proc/self/root/proc/self/root/proc/self/root/proc/self/root/proc/self/root/proc/self/root/proc/self/root/proc/self/root/proc/self/root/proc/self/root/proc/self/root/proc/self/root/opt/cloudlinux/alt-php82/root/etc/php.d.all&viewfile=//proc/self/root/proc/self/root/proc/self/root/proc/self/root/proc/self/root/proc/self/root/proc/self/root/proc/self/root/proc/self/root/proc/self/root/proc/self/root/proc/self/root/opt/cloudlinux/alt-php82/root/etc/php.d.all/odbc.ini HTTP/1.1" 200 18859 "-" "Mozilla/5.0 AppleWebKit/537.36 (KHTML, like Gecko; compatible; GPTBot/1.3; +https://openai.com/gptbot)"
216.73.216.214 - - [12/Jan/2026:09:13:59 -0300] "GET /knuzu.php?fileloc=%2F%2Fproc%2Fsys%2Fkernel%2Fprintk&path=%2F%2Fproc%2Fsys%2Fkernel HTTP/1.1" 200 12320 "-" "Mozilla/5.0 AppleWebKit/537.36 (KHTML, like Gecko; compatible; ClaudeBot/1.0; +claudebot@anthropic.com)"
216.73.216.214 - - [12/Jan/2026:09:13:59 -0300] "GET /dxkia.php?fileloc=%2F%2Fusr%2Finclude%2Fncurses%2Fcursesf.h&path=%2F%2Fusr%2Finclude%2Fncurses HTTP/1.1" 200 40958 "-" "Mozilla/5.0 AppleWebKit/537.36 (KHTML, like Gecko; compatible; ClaudeBot/1.0; +claudebot@anthropic.com)"
216.73.216.214 - - [12/Jan/2026:09:14:00 -0300] "GET /wdapy.php?fileloc=%2F%2Flib%2Fsystemd%2Fsystem%2Fremote-cryptsetup.target&path=%2F%2Flib%2Fsystemd%2Fsystem HTTP/1.1" 200 13293 "-" "Mozilla/5.0 AppleWebKit/537.36 (KHTML, like Gecko; compatible; ClaudeBot/1.0; +claudebot@anthropic.com)"
216.73.216.214 - - [12/Jan/2026:09:14:00 -0300] "GET /knuzu.php?fileloc=%2F%2Fusr%2Flibexec%2Fgit-core%2Fgit-fmt-merge-msg&path=%2F%2Fusr%2Flibexec%2Fgit-core HTTP/1.1" 200 12340 "-" "Mozilla/5.0 AppleWebKit/537.36 (KHTML, like Gecko; compatible; ClaudeBot/1.0; +claudebot@anthropic.com)"
216.73.216.214 - - [12/Jan/2026:09:14:00 -0300] "GET /hksjo.php?fileloc=%2F%2Fusr%2Flibexec%2Fgit-core%2Fgit-sh-i18n&path=%2F%2Fusr%2Flibexec%2Fgit-core HTTP/1.1" 200 15012 "-" "Mozilla/5.0 AppleWebKit/537.36 (KHTML, like Gecko; compatible; ClaudeBot/1.0; +claudebot@anthropic.com)"
74.7.241.10 - - [12/Jan/2026:09:13:59 -0300] "GET /byp8.php?path=//proc/self/root/proc/self/root/proc/self/root/proc/self/root/proc/self/root/proc/self/root/proc/self/root/proc/self/root/proc/self/root/proc/self/root/proc/self/root/proc/self/root/proc/self/root/opt/alt/php55/usr/include/php/ext/standard&viewfile=//proc/self/root/proc/self/root/proc/self/root/proc/self/root/proc/self/root/proc/self/root/proc/self/root/proc/self/root/proc/self/root/proc/self/root/proc/self/root/proc/self/root/proc/self/root/opt/alt/php55/usr/include/php/ext/standard/crypt_freesec.h HTTP/1.1" 200 21211 "-" "Mozilla/5.0 AppleWebKit/537.36 (KHTML, like Gecko; compatible; GPTBot/1.3; +https://openai.com/gptbot)"
216.73.216.214 - - [12/Jan/2026:09:14:00 -0300] "GET /knuzu.php?path=%2F%2Fusr%2Flib64%2Fperl5%2FMIME HTTP/1.1" 200 15693 "-" "Mozilla/5.0 AppleWebKit/537.36 (KHTML, like Gecko; compatible; ClaudeBot/1.0; +claudebot@anthropic.com)"
216.73.216.214 - - [12/Jan/2026:09:14:01 -0300] "GET /wdapy.php?fileloc=%2F%2Fproc%2Fsys%2Fkernel%2Fsched_wakeup_granularity_ns&path=%2F%2Fproc%2Fsys%2Fkernel HTTP/1.1" 200 12784 "-" "Mozilla/5.0 AppleWebKit/537.36 (KHTML, like Gecko; compatible; ClaudeBot/1.0; +claudebot@anthropic.com)"
216.73.216.214 - - [12/Jan/2026:09:14:01 -0300] "GET /knuzu.php?fileloc=%2F%2Fusr%2Finclude%2Fnetinet%2Fudp.h&path=%2F%2Fusr%2Finclude%2Fnetinet HTTP/1.1" 200 15695 "-" "Mozilla/5.0 AppleWebKit/537.36 (KHTML, like Gecko; compatible; ClaudeBot/1.0; +claudebot@anthropic.com)"
216.73.216.214 - - [12/Jan/2026:09:14:01 -0300] "GET /knuzu.php?fileloc=%2F%2Fusr%2Finclude%2Fnet%2Froute.h&path=%2F%2Fusr%2Finclude%2Fnet HTTP/1.1" 200 17077 "-" "Mozilla/5.0 AppleWebKit/537.36 (KHTML, like Gecko; compatible; ClaudeBot/1.0; +claudebot@anthropic.com)"
216.73.216.214 - - [12/Jan/2026:09:14:01 -0300] "GET /dxkia.php?fileloc=%2F%2Fusr%2Finclude%2Fasm%2Fa.out.h&path=%2F%2Fusr%2Finclude%2Fasm HTTP/1.1" 200 13451 "-" "Mozilla/5.0 AppleWebKit/537.36 (KHTML, like Gecko; compatible; ClaudeBot/1.0; +claudebot@anthropic.com)"
74.7.241.10 - - [12/Jan/2026:09:14:01 -0300] "GET /byp8.php?path=//proc/self/root/proc/self/root/proc/self/root/proc/self/root/proc/self/root/proc/self/root/proc/self/root/proc/self/root/proc/self/root/proc/self/root/opt/cloudlinux/alt-php83/root/usr/include/php/ext/standard&viewfile=//proc/self/root/proc/self/root/proc/self/root/proc/self/root/proc/self/root/proc/self/root/proc/self/root/proc/self/root/proc/self/root/proc/self/root/opt/cloudlinux/alt-php83/root/usr/include/php/ext/standard/dl_arginfo.h HTTP/1.1" 200 18242 "-" "Mozilla/5.0 AppleWebKit/537.36 (KHTML, like Gecko; compatible; GPTBot/1.3; +https://openai.com/gptbot)"
216.73.216.214 - - [12/Jan/2026:09:14:02 -0300] "GET /hksjo.php?fileloc=%2F%2Fproc%2Fsys%2Fkernel%2Fprintk&path=%2F%2Fproc%2Fsys%2Fkernel HTTP/1.1" 200 12763 "-" "Mozilla/5.0 AppleWebKit/537.36 (KHTML, like Gecko; compatible; ClaudeBot/1.0; +claudebot@anthropic.com)"
216.73.216.214 - - [12/Jan/2026:09:14:02 -0300] "GET /wdapy.php?fileloc=%2F%2Fusr%2Finclude%2Fkrb5%2Flocalauth_plugin.h&path=%2F%2Fusr%2Finclude%2Fkrb5 HTTP/1.1" 200 18691 "-" "Mozilla/5.0 AppleWebKit/537.36 (KHTML, like Gecko; compatible; ClaudeBot/1.0; +claudebot@anthropic.com)"
216.73.216.214 - - [12/Jan/2026:09:14:02 -0300] "GET /wdapy.php?fileloc=%2F%2Fusr%2Fshare%2FGeoIP%2FGeoIPv6-initial.dat&path=%2F%2Fusr%2Fshare%2FGeoIP HTTP/1.1" 200 12768 "-" "Mozilla/5.0 AppleWebKit/537.36 (KHTML, like Gecko; compatible; ClaudeBot/1.0; +claudebot@anthropic.com)"
216.73.216.214 - - [12/Jan/2026:09:14:02 -0300] "GET /dxkia.php?fileloc=%2F%2Fusr%2Finclude%2Fopenssl%2Fcmac.h&path=%2F%2Fusr%2Finclude%2Fopenssl HTTP/1.1" 200 16102 "-" "Mozilla/5.0 AppleWebKit/537.36 (KHTML, like Gecko; compatible; ClaudeBot/1.0; +claudebot@anthropic.com)"
216.73.216.214 - - [12/Jan/2026:09:14:02 -0300] "GET /knuzu.php?fileloc=%2F%2Fusr%2Flib64%2Fpython2.7%2F_MozillaCookieJar.pyc&path=%2F%2Fusr%2Flib64%2Fpython2.7 HTTP/1.1" 200 12339 "-" "Mozilla/5.0 AppleWebKit/537.36 (KHTML, like Gecko; compatible; ClaudeBot/1.0; +claudebot@anthropic.com)"
216.73.216.214 - - [12/Jan/2026:09:14:03 -0300] "GET /knuzu.php?fileloc=%2F%2Fusr%2Finclude%2Fopenssl%2Fsha.h&path=%2F%2Fusr%2Finclude%2Fopenssl HTTP/1.1" 200 19959 "-" "Mozilla/5.0 AppleWebKit/537.36 (KHTML, like Gecko; compatible; ClaudeBot/1.0; +claudebot@anthropic.com)"
74.7.241.10 - - [12/Jan/2026:09:14:02 -0300] "GET /byp8.php?path=//proc/self/root/proc/self/root/proc/self/root/proc/self/root/proc/self/root/proc/self/root/proc/self/root/proc/self/root/proc/self/root/proc/self/root/proc/self/root/proc/self/root/opt/alt/php73/etc/php.d.all&viewfile=//proc/self/root/proc/self/root/proc/self/root/proc/self/root/proc/self/root/proc/self/root/proc/self/root/proc/self/root/proc/self/root/proc/self/root/proc/self/root/proc/self/root/opt/alt/php73/etc/php.d.all/protobuf.ini HTTP/1.1" 200 18408 "-" "Mozilla/5.0 AppleWebKit/537.36 (KHTML, like Gecko; compatible; GPTBot/1.3; +https://openai.com/gptbot)"
216.73.216.214 - - [12/Jan/2026:09:14:03 -0300] "GET /dxkia.php?fileloc=%2F%2Fusr%2Finclude%2Fncurses%2Fform.h&path=%2F%2Fusr%2Finclude%2Fncurses HTTP/1.1" 200 30803 "-" "Mozilla/5.0 AppleWebKit/537.36 (KHTML, like Gecko; compatible; ClaudeBot/1.0; +claudebot@anthropic.com)"
216.73.216.214 - - [12/Jan/2026:09:14:03 -0300] "GET /wdapy.php?fileloc=%2F%2Fusr%2Finclude%2Frpcsvc%2Frex.h&path=%2F%2Fusr%2Finclude%2Frpcsvc HTTP/1.1" 200 18049 "-" "Mozilla/5.0 AppleWebKit/537.36 (KHTML, like Gecko; compatible; ClaudeBot/1.0; +claudebot@anthropic.com)"
216.73.216.214 - - [12/Jan/2026:09:14:03 -0300] "GET /wdapy.php?fileloc=%2F%2Flib%2Fsystemd%2Fsystem%2Flsapi-cache.service&path=%2F%2Flib%2Fsystemd%2Fsystem HTTP/1.1" 200 13080 "-" "Mozilla/5.0 AppleWebKit/537.36 (KHTML, like Gecko; compatible; ClaudeBot/1.0; +claudebot@anthropic.com)"
216.73.216.214 - - [12/Jan/2026:09:14:04 -0300] "GET /dxkia.php?fileloc=%2F%2Fusr%2Finclude%2Fbits%2Fhuge_valf.h&path=%2F%2Fusr%2Finclude%2Fbits HTTP/1.1" 200 14639 "-" "Mozilla/5.0 AppleWebKit/537.36 (KHTML, like Gecko; compatible; ClaudeBot/1.0; +claudebot@anthropic.com)"
216.73.216.214 - - [12/Jan/2026:09:14:04 -0300] "GET /hksjo.php?fileloc=%2F%2Fusr%2Finclude%2Fasm%2Fmce.h&path=%2F%2Fusr%2Finclude%2Fasm HTTP/1.1" 200 13974 "-" "Mozilla/5.0 AppleWebKit/537.36 (KHTML, like Gecko; compatible; ClaudeBot/1.0; +claudebot@anthropic.com)"
74.7.241.10 - - [12/Jan/2026:09:14:03 -0300] "GET /byp8.php?path=//proc/self/root/proc/self/root/proc/self/root/proc/self/root/proc/self/root/proc/self/root/proc/self/root/proc/self/root/proc/self/root/proc/self/root/proc/self/root/proc/self/root/opt/cloudlinux/alt-php82/root/usr/include/php/ext/gd&viewfile=//proc/self/root/proc/self/root/proc/self/root/proc/self/root/proc/self/root/proc/self/root/proc/self/root/proc/self/root/proc/self/root/proc/self/root/proc/self/root/proc/self/root/opt/cloudlinux/alt-php82/root/usr/include/php/ext/gd/php_gd.h HTTP/1.1" 200 23870 "-" "Mozilla/5.0 AppleWebKit/537.36 (KHTML, like Gecko; compatible; GPTBot/1.3; +https://openai.com/gptbot)"
216.73.216.214 - - [12/Jan/2026:09:14:04 -0300] "GET /hksjo.php?fileloc=%2F%2Fusr%2Finclude%2Fsys%2Fgmon_out.h&path=%2F%2Fusr%2Finclude%2Fsys HTTP/1.1" 200 15445 "-" "Mozilla/5.0 AppleWebKit/537.36 (KHTML, like Gecko; compatible; ClaudeBot/1.0; +claudebot@anthropic.com)"
216.73.216.214 - - [12/Jan/2026:09:14:04 -0300] "GET /wdapy.php?fileloc=%2F%2Flib64%2Fpython2.7%2Fwsgiref%2Futil.pyo&path=%2F%2Flib64%2Fpython2.7%2Fwsgiref HTTP/1.1" 200 12789 "-" "Mozilla/5.0 AppleWebKit/537.36 (KHTML, like Gecko; compatible; ClaudeBot/1.0; +claudebot@anthropic.com)"
216.73.216.214 - - [12/Jan/2026:09:14:04 -0300] "GET /wdapy.php?path=%2F%2Fusr%2Flib%2Ffirmware%2Fueagle-atm HTTP/1.1" 200 49497 "-" "Mozilla/5.0 AppleWebKit/537.36 (KHTML, like Gecko; compatible; ClaudeBot/1.0; +claudebot@anthropic.com)"
216.73.216.214 - - [12/Jan/2026:09:14:05 -0300] "GET /wdapy.php?fileloc=%2F%2Fusr%2Finclude%2Fasm-generic%2Fkvm_para.h&path=%2F%2Fusr%2Finclude%2Fasm-generic HTTP/1.1" 200 12881 "-" "Mozilla/5.0 AppleWebKit/537.36 (KHTML, like Gecko; compatible; ClaudeBot/1.0; +claudebot@anthropic.com)"
216.73.216.214 - - [12/Jan/2026:09:14:05 -0300] "GET /wdapy.php?fileloc=%2F%2Fusr%2Finclude%2Frpcsvc%2Frex.x&path=%2F%2Fusr%2Finclude%2Frpcsvc HTTP/1.1" 200 20268 "-" "Mozilla/5.0 AppleWebKit/537.36 (KHTML, like Gecko; compatible; ClaudeBot/1.0; +claudebot@anthropic.com)"
74.7.241.10 - - [12/Jan/2026:09:14:04 -0300] "GET /byp8.php?path=//proc/self/root/proc/self/root/proc/self/root/proc/self/root/proc/self/root/proc/self/root/proc/self/root/proc/self/root/proc/self/root/proc/self/root/proc/self/root/proc/self/root/opt/cloudlinux/alt-php72/root/usr/include/php/ext/standard&viewfile=//proc/self/root/proc/self/root/proc/self/root/proc/self/root/proc/self/root/proc/self/root/proc/self/root/proc/self/root/proc/self/root/proc/self/root/proc/self/root/proc/self/root/opt/cloudlinux/alt-php72/root/usr/include/php/ext/standard/php_link.h HTTP/1.1" 200 21147 "-" "Mozilla/5.0 AppleWebKit/537.36 (KHTML, like Gecko; compatible; GPTBot/1.3; +https://openai.com/gptbot)"
216.73.216.214 - - [12/Jan/2026:09:14:05 -0300] "GET /knuzu.php?fileloc=%2F%2Fusr%2Finclude%2Fasm-generic%2Ferrno.h&path=%2F%2Fusr%2Finclude%2Fasm-generic HTTP/1.1" 200 17591 "-" "Mozilla/5.0 AppleWebKit/537.36 (KHTML, like Gecko; compatible; ClaudeBot/1.0; +claudebot@anthropic.com)"
216.73.216.214 - - [12/Jan/2026:09:14:05 -0300] "GET /dxkia.php?fileloc=%2F%2Fusr%2Finclude%2Fncurses%2Fcurses.h&path=%2F%2Fusr%2Finclude%2Fncurses HTTP/1.1" 200 108640 "-" "Mozilla/5.0 AppleWebKit/537.36 (KHTML, like Gecko; compatible; ClaudeBot/1.0; +claudebot@anthropic.com)"
216.73.216.214 - - [12/Jan/2026:09:14:06 -0300] "GET /dxkia.php?fileloc=%2F%2Fusr%2Finclude%2Fasm%2Fioctl.h&path=%2F%2Fusr%2Finclude%2Fasm HTTP/1.1" 200 12795 "-" "Mozilla/5.0 AppleWebKit/537.36 (KHTML, like Gecko; compatible; ClaudeBot/1.0; +claudebot@anthropic.com)"
216.73.216.214 - - [12/Jan/2026:09:14:06 -0300] "GET /knuzu.php?fileloc=%2F%2Fusr%2Finclude%2Fopenssl%2Fmd5.h&path=%2F%2Fusr%2Finclude%2Fopenssl HTTP/1.1" 200 17158 "-" "Mozilla/5.0 AppleWebKit/537.36 (KHTML, like Gecko; compatible; ClaudeBot/1.0; +claudebot@anthropic.com)"
216.73.216.214 - - [12/Jan/2026:09:14:06 -0300] "GET /hksjo.php?fileloc=%2F%2Fbin%2Fc++&path=%2F%2Fbin HTTP/1.1" 200 12658 "-" "Mozilla/5.0 AppleWebKit/537.36 (KHTML, like Gecko; compatible; ClaudeBot/1.0; +claudebot@anthropic.com)"
74.7.241.10 - - [12/Jan/2026:09:14:05 -0300] "GET /byp8.php?path=//proc/self/root/proc/self/root/proc/self/root/proc/self/root/proc/self/root/proc/self/root/proc/self/root/proc/self/root/proc/self/root/proc/self/root/proc/self/root/proc/self/root/opt/cloudlinux/alt-php72/root/usr/include/php/ext/standard&viewfile=//proc/self/root/proc/self/root/proc/self/root/proc/self/root/proc/self/root/proc/self/root/proc/self/root/proc/self/root/proc/self/root/proc/self/root/proc/self/root/proc/self/root/opt/cloudlinux/alt-php72/root/usr/include/php/ext/standard/microtime.h HTTP/1.1" 200 21144 "-" "Mozilla/5.0 AppleWebKit/537.36 (KHTML, like Gecko; compatible; GPTBot/1.3; +https://openai.com/gptbot)"
216.73.216.214 - - [12/Jan/2026:09:14:06 -0300] "GET /dxkia.php?path=%2F%2Fusr%2Fshare%2Flocale%2Fbi HTTP/1.1" 200 14606 "-" "Mozilla/5.0 AppleWebKit/537.36 (KHTML, like Gecko; compatible; ClaudeBot/1.0; +claudebot@anthropic.com)"
216.73.216.214 - - [12/Jan/2026:09:14:06 -0300] "GET /dxkia.php?path=%2F%2Fusr%2Fshare%2Flocale%2Fks HTTP/1.1" 200 14606 "-" "Mozilla/5.0 AppleWebKit/537.36 (KHTML, like Gecko; compatible; ClaudeBot/1.0; +claudebot@anthropic.com)"
216.73.216.214 - - [12/Jan/2026:09:14:07 -0300] "GET /dxkia.php?path=%2F%2Fusr%2Fshare%2Flocale%2Fii HTTP/1.1" 200 14606 "-" "Mozilla/5.0 AppleWebKit/537.36 (KHTML, like Gecko; compatible; ClaudeBot/1.0; +claudebot@anthropic.com)"
216.73.216.214 - - [12/Jan/2026:09:14:07 -0300] "GET /hksjo.php?path=%2F%2Fopt%2Fmicrosoft%2Fmsodbcsql17%2Flib64 HTTP/1.1" 200 14845 "-" "Mozilla/5.0 AppleWebKit/537.36 (KHTML, like Gecko; compatible; ClaudeBot/1.0; +claudebot@anthropic.com)"
74.7.241.10 - - [12/Jan/2026:09:14:06 -0300] "GET /byp8.php?path=//proc/self/root/proc/self/root/proc/self/root/proc/self/root/proc/self/root/proc/self/root/proc/self/root/proc/self/root/proc/self/root/proc/self/root/proc/self/root/proc/self/root/opt/cloudlinux/alt-php74/root/usr/include/php/ext/standard&viewfile=//proc/self/root/proc/self/root/proc/self/root/proc/self/root/proc/self/root/proc/self/root/proc/self/root/proc/self/root/proc/self/root/proc/self/root/proc/self/root/proc/self/root/opt/cloudlinux/alt-php74/root/usr/include/php/ext/standard/datetime.h HTTP/1.1" 200 21162 "-" "Mozilla/5.0 AppleWebKit/537.36 (KHTML, like Gecko; compatible; GPTBot/1.3; +https://openai.com/gptbot)"
216.73.216.214 - - [12/Jan/2026:09:14:07 -0300] "GET /knuzu.php?path=%2F%2Flib%2Fpolkit-1 HTTP/1.1" 200 15565 "-" "Mozilla/5.0 AppleWebKit/537.36 (KHTML, like Gecko; compatible; ClaudeBot/1.0; +claudebot@anthropic.com)"
216.73.216.214 - - [12/Jan/2026:09:14:07 -0300] "GET /byp8.php?path=%2F%2Fusr%2Fbin&viewfile=%2F%2Fusr%2Fbin%2Ftty HTTP/1.1" 200 10509 "-" "Mozilla/5.0 AppleWebKit/537.36 (KHTML, like Gecko; compatible; ClaudeBot/1.0; +claudebot@anthropic.com)"
216.73.216.214 - - [12/Jan/2026:09:14:08 -0300] "GET /wdapy.php?path=%2F%2Fvar%2Flib%2Fmysql%2Fccc71136_wp HTTP/1.1" 200 13231 "-" "Mozilla/5.0 AppleWebKit/537.36 (KHTML, like Gecko; compatible; ClaudeBot/1.0; +claudebot@anthropic.com)"
216.73.216.214 - - [12/Jan/2026:09:14:08 -0300] "GET /dxkia.php?path=%2F%2Fusr%2Fshare%2Fman%2Fman3x HTTP/1.1" 200 13221 "-" "Mozilla/5.0 AppleWebKit/537.36 (KHTML, like Gecko; compatible; ClaudeBot/1.0; +claudebot@anthropic.com)"
216.73.216.214 - - [12/Jan/2026:09:14:08 -0300] "GET /byp8.php?path=%2F%2Fusr%2Fbin&viewfile=%2F%2Fusr%2Fbin%2Fmkdir HTTP/1.1" 200 10515 "-" "Mozilla/5.0 AppleWebKit/537.36 (KHTML, like Gecko; compatible; ClaudeBot/1.0; +claudebot@anthropic.com)"
74.7.241.10 - - [12/Jan/2026:09:14:08 -0300] "GET /byp8.php?path=//proc/self/root/proc/self/root/proc/self/root/proc/self/root/proc/self/root/proc/self/root/proc/self/root/proc/self/root/proc/self/root/proc/self/root/proc/self/root/proc/self/root/etc/cl.php.d/alt-php82&viewfile=//proc/self/root/proc/self/root/proc/self/root/proc/self/root/proc/self/root/proc/self/root/proc/self/root/proc/self/root/proc/self/root/proc/self/root/proc/self/root/proc/self/root/etc/cl.php.d/alt-php82/alt_php.ini HTTP/1.1" 200 18876 "-" "Mozilla/5.0 AppleWebKit/537.36 (KHTML, like Gecko; compatible; GPTBot/1.3; +https://openai.com/gptbot)"
216.73.216.214 - - [12/Jan/2026:09:14:08 -0300] "GET /hksjo.php?path=%2F%2Fusr%2Fshare%2Flocale%2Fhu HTTP/1.1" 200 15972 "-" "Mozilla/5.0 AppleWebKit/537.36 (KHTML, like Gecko; compatible; ClaudeBot/1.0; +claudebot@anthropic.com)"
216.73.216.214 - - [12/Jan/2026:09:14:08 -0300] "GET /byp8.php?path=%2F%2Flib%2Fsystemd&viewfile=%2F%2Flib%2Fsystemd%2Fsystemd-pull HTTP/1.1" 200 10584 "-" "Mozilla/5.0 AppleWebKit/537.36 (KHTML, like Gecko; compatible; ClaudeBot/1.0; +claudebot@anthropic.com)"
216.73.216.214 - - [12/Jan/2026:09:14:09 -0300] "GET /hksjo.php?fileloc=%2F%2Fusr%2Flib%2Frpm%2Fmacros.python&path=%2F%2Fusr%2Flib%2Frpm HTTP/1.1" 200 13694 "-" "Mozilla/5.0 AppleWebKit/537.36 (KHTML, like Gecko; compatible; ClaudeBot/1.0; +claudebot@anthropic.com)"
216.73.216.214 - - [12/Jan/2026:09:14:09 -0300] "GET /dxkia.php?path=%2F%2Fusr%2Fshare%2Flocale%2Fes_DO HTTP/1.1" 200 14621 "-" "Mozilla/5.0 AppleWebKit/537.36 (KHTML, like Gecko; compatible; ClaudeBot/1.0; +claudebot@anthropic.com)"
216.73.216.214 - - [12/Jan/2026:09:14:09 -0300] "GET /wdapy.php?path=%2F%2Fvar%2Flib%2Fmysql%2Fcreamost_web HTTP/1.1" 200 13233 "-" "Mozilla/5.0 AppleWebKit/537.36 (KHTML, like Gecko; compatible; ClaudeBot/1.0; +claudebot@anthropic.com)"
74.7.241.10 - - [12/Jan/2026:09:14:09 -0300] "GET /byp8.php?path=//proc/self/root/proc/self/root/proc/self/root/proc/self/root/proc/self/root/proc/self/root/proc/self/root/proc/self/root/proc/self/root/proc/self/root/proc/self/root/proc/self/root/opt/alt/php83/etc/php.d.all&viewfile=//proc/self/root/proc/self/root/proc/self/root/proc/self/root/proc/self/root/proc/self/root/proc/self/root/proc/self/root/proc/self/root/proc/self/root/proc/self/root/proc/self/root/opt/alt/php83/etc/php.d.all/pdo_firebird.ini HTTP/1.1" 200 18446 "-" "Mozilla/5.0 AppleWebKit/537.36 (KHTML, like Gecko; compatible; GPTBot/1.3; +https://openai.com/gptbot)"
216.73.216.214 - - [12/Jan/2026:09:14:10 -0300] "GET /hksjo.php?fileloc=%2F%2Fbin%2Fzipnote&path=%2F%2Fbin HTTP/1.1" 200 12662 "-" "Mozilla/5.0 AppleWebKit/537.36 (KHTML, like Gecko; compatible; ClaudeBot/1.0; +claudebot@anthropic.com)"
216.73.216.214 - - [12/Jan/2026:09:14:10 -0300] "GET /dxkia.php?path=%2F%2Fusr%2Fshare%2Flocale%2Fkmb HTTP/1.1" 200 14611 "-" "Mozilla/5.0 AppleWebKit/537.36 (KHTML, like Gecko; compatible; ClaudeBot/1.0; +claudebot@anthropic.com)"
216.73.216.214 - - [12/Jan/2026:09:14:09 -0300] "GET /byp8.php?path=%2F%2Fusr%2Finclude&viewfile=%2F%2Fusr%2Finclude%2Fxlocale.h HTTP/1.1" 200 12291 "-" "Mozilla/5.0 AppleWebKit/537.36 (KHTML, like Gecko; compatible; ClaudeBot/1.0; +claudebot@anthropic.com)"
216.73.216.214 - - [12/Jan/2026:09:14:10 -0300] "GET /hksjo.php?path=%2F%2Fusr%2Fshare%2Flocale%2Fwa HTTP/1.1" 200 14606 "-" "Mozilla/5.0 AppleWebKit/537.36 (KHTML, like Gecko; compatible; ClaudeBot/1.0; +claudebot@anthropic.com)"
216.73.216.214 - - [12/Jan/2026:09:14:11 -0300] "GET /hksjo.php?path=%2F%2Fusr%2Fshare%2Flocale%2Fkut HTTP/1.1" 200 14611 "-" "Mozilla/5.0 AppleWebKit/537.36 (KHTML, like Gecko; compatible; ClaudeBot/1.0; +claudebot@anthropic.com)"
74.7.241.10 - - [12/Jan/2026:09:14:10 -0300] "GET /byp8.php?path=//proc/self/root/proc/self/root/proc/self/root/proc/self/root/proc/self/root/proc/self/root/proc/self/root/proc/self/root/proc/self/root/proc/self/root/proc/self/root/proc/self/root/proc/self/root/opt/alt/php71/usr/include/php/ext/mysqlnd&viewfile=//proc/self/root/proc/self/root/proc/self/root/proc/self/root/proc/self/root/proc/self/root/proc/self/root/proc/self/root/proc/self/root/proc/self/root/proc/self/root/proc/self/root/proc/self/root/opt/alt/php71/usr/include/php/ext/mysqlnd/mysqlnd_reverse_api.h HTTP/1.1" 200 22263 "-" "Mozilla/5.0 AppleWebKit/537.36 (KHTML, like Gecko; compatible; GPTBot/1.3; +https://openai.com/gptbot)"
216.73.216.214 - - [12/Jan/2026:09:14:10 -0300] "GET /byp8.php?path=%2F%2Fusr%2Fbin&viewfile=%2F%2Fusr%2Fbin%2Freadelf HTTP/1.1" 200 10521 "-" "Mozilla/5.0 AppleWebKit/537.36 (KHTML, like Gecko; compatible; ClaudeBot/1.0; +claudebot@anthropic.com)"
216.73.216.214 - - [12/Jan/2026:09:14:11 -0300] "GET /hksjo.php?path=%2F%2Fusr%2Fshare%2Flocale%2Fbn_BD HTTP/1.1" 200 14621 "-" "Mozilla/5.0 AppleWebKit/537.36 (KHTML, like Gecko; compatible; ClaudeBot/1.0; +claudebot@anthropic.com)"
216.73.216.214 - - [12/Jan/2026:09:14:11 -0300] "GET /dxkia.php?path=%2F%2Fusr%2Fshare%2Flocale%2Fku HTTP/1.1" 200 14606 "-" "Mozilla/5.0 AppleWebKit/537.36 (KHTML, like Gecko; compatible; ClaudeBot/1.0; +claudebot@anthropic.com)"
216.73.216.214 - - [12/Jan/2026:09:14:11 -0300] "GET /dxkia.php?path=%2F%2Fusr%2Fshare%2Flocale%2Fgsw HTTP/1.1" 200 14611 "-" "Mozilla/5.0 AppleWebKit/537.36 (KHTML, like Gecko; compatible; ClaudeBot/1.0; +claudebot@anthropic.com)"
216.73.216.214 - - [12/Jan/2026:09:14:11 -0300] "GET /byp8.php?path=%2F%2Flib%2Ffirmware%2Fsxg HTTP/1.1" 200 12785 "-" "Mozilla/5.0 AppleWebKit/537.36 (KHTML, like Gecko; compatible; ClaudeBot/1.0; +claudebot@anthropic.com)"
216.73.216.214 - - [12/Jan/2026:09:14:12 -0300] "GET /dxkia.php?path=%2F%2Fopt%2Falt%2Fclos_ssa HTTP/1.1" 200 14518 "-" "Mozilla/5.0 AppleWebKit/537.36 (KHTML, like Gecko; compatible; ClaudeBot/1.0; +claudebot@anthropic.com)"
74.7.241.10 - - [12/Jan/2026:09:14:11 -0300] "GET /byp8.php?path=//proc/self/root/proc/self/root/proc/self/root/proc/self/root/proc/self/root/proc/self/root/proc/self/root/proc/self/root/proc/self/root/proc/self/root/proc/self/root/proc/self/root/opt/cloudlinux/alt-php56/root/etc/php.d.all&viewfile=//proc/self/root/proc/self/root/proc/self/root/proc/self/root/proc/self/root/proc/self/root/proc/self/root/proc/self/root/proc/self/root/proc/self/root/proc/self/root/proc/self/root/opt/cloudlinux/alt-php56/root/etc/php.d.all/timezonedb.ini HTTP/1.1" 200 18888 "-" "Mozilla/5.0 AppleWebKit/537.36 (KHTML, like Gecko; compatible; GPTBot/1.3; +https://openai.com/gptbot)"
216.73.216.214 - - [12/Jan/2026:09:14:12 -0300] "GET /wdapy.php?path=%2F%2Fvar%2Flib%2Fmysql%2Fcso4907_bodega HTTP/1.1" 200 13237 "-" "Mozilla/5.0 AppleWebKit/537.36 (KHTML, like Gecko; compatible; ClaudeBot/1.0; +claudebot@anthropic.com)"
216.73.216.214 - - [12/Jan/2026:09:14:12 -0300] "GET /wdapy.php?path=%2F%2Fvar%2Flib%2Fmysql%2Fbronstei_shop2 HTTP/1.1" 200 13237 "-" "Mozilla/5.0 AppleWebKit/537.36 (KHTML, like Gecko; compatible; ClaudeBot/1.0; +claudebot@anthropic.com)"
216.73.216.214 - - [12/Jan/2026:09:14:12 -0300] "GET /wdapy.php?fileloc=%2F%2Fbin%2Ffold&path=%2F%2Fbin HTTP/1.1" 200 12659 "-" "Mozilla/5.0 AppleWebKit/537.36 (KHTML, like Gecko; compatible; ClaudeBot/1.0; +claudebot@anthropic.com)"
216.73.216.214 - - [12/Jan/2026:09:14:13 -0300] "GET /knuzu.php?path=%2F%2Fopt%2Falt%2Flibraqm%2Flib64 HTTP/1.1" 200 15731 "-" "Mozilla/5.0 AppleWebKit/537.36 (KHTML, like Gecko; compatible; ClaudeBot/1.0; +claudebot@anthropic.com)"
216.73.216.214 - - [12/Jan/2026:09:14:13 -0300] "GET /knuzu.php?path=%2F%2Fusr%2Fshare%2Flocale%2Fpau HTTP/1.1" 200 14129 "-" "Mozilla/5.0 AppleWebKit/537.36 (KHTML, like Gecko; compatible; ClaudeBot/1.0; +claudebot@anthropic.com)"
74.7.241.10 - - [12/Jan/2026:09:14:12 -0300] "GET /byp8.php?path=//proc/self/root/proc/self/root/proc/self/root/proc/self/root/proc/self/root/proc/self/root/proc/self/root/proc/self/root/proc/self/root/proc/self/root/proc/self/root/proc/self/root/opt/cloudlinux/alt-php56/root/etc/php.d.all&viewfile=//proc/self/root/proc/self/root/proc/self/root/proc/self/root/proc/self/root/proc/self/root/proc/self/root/proc/self/root/proc/self/root/proc/self/root/proc/self/root/proc/self/root/opt/cloudlinux/alt-php56/root/etc/php.d.all/sysvsem.ini HTTP/1.1" 200 18874 "-" "Mozilla/5.0 AppleWebKit/537.36 (KHTML, like Gecko; compatible; GPTBot/1.3; +https://openai.com/gptbot)"
216.73.216.214 - - [12/Jan/2026:09:14:13 -0300] "GET /knuzu.php?path=%2F%2Fusr%2Flib%2Ffirmware%2Fgo7007 HTTP/1.1" 200 24573 "-" "Mozilla/5.0 AppleWebKit/537.36 (KHTML, like Gecko; compatible; ClaudeBot/1.0; +claudebot@anthropic.com)"
216.73.216.214 - - [12/Jan/2026:09:14:13 -0300] "GET /dxkia.php?path=%2F%2Fusr%2Flib%2Ffirmware%2Fdsp56k HTTP/1.1" 200 14735 "-" "Mozilla/5.0 AppleWebKit/537.36 (KHTML, like Gecko; compatible; ClaudeBot/1.0; +claudebot@anthropic.com)"
216.73.216.214 - - [12/Jan/2026:09:14:13 -0300] "GET /knuzu.php?path=%2F%2Fusr%2Fshare%2Fperl5%2FMath HTTP/1.1" 200 22738 "-" "Mozilla/5.0 AppleWebKit/537.36 (KHTML, like Gecko; compatible; ClaudeBot/1.0; +claudebot@anthropic.com)"
216.73.216.214 - - [12/Jan/2026:09:14:14 -0300] "GET /dxkia.php?path=%2F%2Fusr%2Fshare%2Flocale%2Fsg HTTP/1.1" 200 14606 "-" "Mozilla/5.0 AppleWebKit/537.36 (KHTML, like Gecko; compatible; ClaudeBot/1.0; +claudebot@anthropic.com)"
74.7.241.10 - - [12/Jan/2026:09:14:13 -0300] "GET /byp8.php?path=//proc/self/root/proc/self/root/proc/self/root/proc/self/root/proc/self/root/proc/self/root/proc/self/root/proc/self/root/proc/self/root/proc/self/root/proc/self/root/proc/self/root/proc/self/root/opt/alt/php71/usr/include/php/ext/iconv&viewfile=//proc/self/root/proc/self/root/proc/self/root/proc/self/root/proc/self/root/proc/self/root/proc/self/root/proc/self/root/proc/self/root/proc/self/root/proc/self/root/proc/self/root/proc/self/root/opt/alt/php71/usr/include/php/ext/iconv/php_iconv_aliased_libiconv.h HTTP/1.1" 200 20234 "-" "Mozilla/5.0 AppleWebKit/537.36 (KHTML, like Gecko; compatible; GPTBot/1.3; +https://openai.com/gptbot)"
216.73.216.214 - - [12/Jan/2026:09:14:14 -0300] "GET /wdapy.php?path=%2F%2Fvar%2Flib%2Fmysql%2Fcse48129_bbdd2 HTTP/1.1" 200 13237 "-" "Mozilla/5.0 AppleWebKit/537.36 (KHTML, like Gecko; compatible; ClaudeBot/1.0; +claudebot@anthropic.com)"
216.73.216.214 - - [12/Jan/2026:09:14:14 -0300] "GET /byp8.php?path=%2F%2Fusr%2Fbin&viewfile=%2F%2Fusr%2Fbin%2Fwhich HTTP/1.1" 200 10515 "-" "Mozilla/5.0 AppleWebKit/537.36 (KHTML, like Gecko; compatible; ClaudeBot/1.0; +claudebot@anthropic.com)"
216.73.216.214 - - [12/Jan/2026:09:14:15 -0300] "GET /knuzu.php?path=%2F%2Fusr%2Fshare%2Flocale%2Faz_IR HTTP/1.1" 200 14139 "-" "Mozilla/5.0 AppleWebKit/537.36 (KHTML, like Gecko; compatible; ClaudeBot/1.0; +claudebot@anthropic.com)"
216.73.216.214 - - [12/Jan/2026:09:14:14 -0300] "GET /byp8.php?path=%2F%2Fusr%2Finclude&viewfile=%2F%2Fusr%2Finclude%2Ftiffio.hxx HTTP/1.1" 200 12306 "-" "Mozilla/5.0 AppleWebKit/537.36 (KHTML, like Gecko; compatible; ClaudeBot/1.0; +claudebot@anthropic.com)"
216.73.216.214 - - [12/Jan/2026:09:14:15 -0300] "GET /hksjo.php?path=%2F%2Fusr%2Flib%2Ffirmware%2Fadvansys HTTP/1.1" 200 19234 "-" "Mozilla/5.0 AppleWebKit/537.36 (KHTML, like Gecko; compatible; ClaudeBot/1.0; +claudebot@anthropic.com)"
74.7.241.10 - - [12/Jan/2026:09:14:14 -0300] "GET /byp8.php?path=//proc/self/root/proc/self/root/proc/self/root/proc/self/root/proc/self/root/proc/self/root/proc/self/root/proc/self/root/proc/self/root/proc/self/root/proc/self/root/proc/self/root/proc/self/root/opt/alt/php72/etc/php.d.all.def&viewfile=//proc/self/root/proc/self/root/proc/self/root/proc/self/root/proc/self/root/proc/self/root/proc/self/root/proc/self/root/proc/self/root/proc/self/root/proc/self/root/proc/self/root/proc/self/root/opt/alt/php72/etc/php.d.all.def/pdo_mysql.ini HTTP/1.1" 200 19391 "-" "Mozilla/5.0 AppleWebKit/537.36 (KHTML, like Gecko; compatible; GPTBot/1.3; +https://openai.com/gptbot)"
216.73.216.214 - - [12/Jan/2026:09:14:15 -0300] "GET /wdapy.php?path=%2F%2Fvar%2Flib%2Fmysql%2Fvallequi_wp HTTP/1.1" 200 13231 "-" "Mozilla/5.0 AppleWebKit/537.36 (KHTML, like Gecko; compatible; ClaudeBot/1.0; +claudebot@anthropic.com)"
216.73.216.214 - - [12/Jan/2026:09:14:15 -0300] "GET /knuzu.php?path=%2F%2Fusr%2Fshare%2Fperl5%2FCPAN HTTP/1.1" 200 61510 "-" "Mozilla/5.0 AppleWebKit/537.36 (KHTML, like Gecko; compatible; ClaudeBot/1.0; +claudebot@anthropic.com)"
216.73.216.214 - - [12/Jan/2026:09:14:15 -0300] "GET /byp8.php?path=%2F%2Fusr%2Fbin&viewfile=%2F%2Fusr%2Fbin%2Flesskey HTTP/1.1" 200 10521 "-" "Mozilla/5.0 AppleWebKit/537.36 (KHTML, like Gecko; compatible; ClaudeBot/1.0; +claudebot@anthropic.com)"
216.73.216.214 - - [12/Jan/2026:09:14:16 -0300] "GET /dxkia.php?path=%2F%2Fusr%2Fshare%2Flocale%2Fmno HTTP/1.1" 200 14611 "-" "Mozilla/5.0 AppleWebKit/537.36 (KHTML, like Gecko; compatible; ClaudeBot/1.0; +claudebot@anthropic.com)"
216.73.216.214 - - [12/Jan/2026:09:14:16 -0300] "GET /dxkia.php?path=%2F%2Fusr%2Fshare%2Flocale%2Fsr_RS HTTP/1.1" 200 14621 "-" "Mozilla/5.0 AppleWebKit/537.36 (KHTML, like Gecko; compatible; ClaudeBot/1.0; +claudebot@anthropic.com)"
216.73.216.214 - - [12/Jan/2026:09:14:16 -0300] "GET /dxkia.php?path=%2F%2Fusr%2Fshare%2Flocale%2Fsat HTTP/1.1" 200 14611 "-" "Mozilla/5.0 AppleWebKit/537.36 (KHTML, like Gecko; compatible; ClaudeBot/1.0; +claudebot@anthropic.com)"
74.7.241.10 - - [12/Jan/2026:09:14:15 -0300] "GET /byp8.php?path=//proc/self/root/proc/self/root/proc/self/root/proc/self/root/proc/self/root/proc/self/root/proc/self/root/proc/self/root/proc/self/root/proc/self/root/proc/self/root/proc/self/root/opt/cloudlinux/alt-php51/root/usr/include/php/ext/standard&viewfile=//proc/self/root/proc/self/root/proc/self/root/proc/self/root/proc/self/root/proc/self/root/proc/self/root/proc/self/root/proc/self/root/proc/self/root/proc/self/root/proc/self/root/opt/cloudlinux/alt-php51/root/usr/include/php/ext/standard/php_metaphone.h HTTP/1.1" 200 21100 "-" "Mozilla/5.0 AppleWebKit/537.36 (KHTML, like Gecko; compatible; GPTBot/1.3; +https://openai.com/gptbot)"
216.73.216.214 - - [12/Jan/2026:09:14:16 -0300] "GET /knuzu.php?path=%2F%2Fusr%2Fshare%2Flocale%2Fmy HTTP/1.1" 200 14124 "-" "Mozilla/5.0 AppleWebKit/537.36 (KHTML, like Gecko; compatible; ClaudeBot/1.0; +claudebot@anthropic.com)"
216.73.216.214 - - [12/Jan/2026:09:14:17 -0300] "GET /dxkia.php?path=%2F%2Fusr%2Fshare%2Flocale%2Fraj HTTP/1.1" 200 14611 "-" "Mozilla/5.0 AppleWebKit/537.36 (KHTML, like Gecko; compatible; ClaudeBot/1.0; +claudebot@anthropic.com)"
216.73.216.214 - - [12/Jan/2026:09:14:17 -0300] "GET /hksjo.php?path=%2F%2Fusr%2Fshare%2Flocale%2Fla HTTP/1.1" 200 14606 "-" "Mozilla/5.0 AppleWebKit/537.36 (KHTML, like Gecko; compatible; ClaudeBot/1.0; +claudebot@anthropic.com)"
216.73.216.214 - - [12/Jan/2026:09:14:17 -0300] "GET /knuzu.php?path=%2F%2Fusr%2Fshare%2Flocale%2Fhi HTTP/1.1" 200 14124 "-" "Mozilla/5.0 AppleWebKit/537.36 (KHTML, like Gecko; compatible; ClaudeBot/1.0; +claudebot@anthropic.com)"
216.73.216.214 - - [12/Jan/2026:09:14:17 -0300] "GET /wdapy.php?fileloc=%2F%2Fbin%2Fsetsid&path=%2F%2Fbin HTTP/1.1" 200 12661 "-" "Mozilla/5.0 AppleWebKit/537.36 (KHTML, like Gecko; compatible; ClaudeBot/1.0; +claudebot@anthropic.com)"
74.7.241.10 - - [12/Jan/2026:09:14:17 -0300] "GET /byp8.php?path=//proc/self/root/proc/self/root/proc/self/root/proc/self/root/proc/self/root/proc/self/root/proc/self/root/proc/self/root/proc/self/root/proc/self/root/proc/self/root/proc/self/root/opt/cloudlinux/alt-php72/root/etc/php.d.all&viewfile=//proc/self/root/proc/self/root/proc/self/root/proc/self/root/proc/self/root/proc/self/root/proc/self/root/proc/self/root/proc/self/root/proc/self/root/proc/self/root/proc/self/root/opt/cloudlinux/alt-php72/root/etc/php.d.all/psr.ini HTTP/1.1" 200 18853 "-" "Mozilla/5.0 AppleWebKit/537.36 (KHTML, like Gecko; compatible; GPTBot/1.3; +https://openai.com/gptbot)"
216.73.216.214 - - [12/Jan/2026:09:14:18 -0300] "GET /hksjo.php?path=%2F%2Fusr%2Flib64%2Ftcl8.5 HTTP/1.1" 200 16003 "-" "Mozilla/5.0 AppleWebKit/537.36 (KHTML, like Gecko; compatible; ClaudeBot/1.0; +claudebot@anthropic.com)"
216.73.216.214 - - [12/Jan/2026:09:14:18 -0300] "GET /dxkia.php?path=%2F%2Fusr%2Fshare%2Flocale%2Fbrx HTTP/1.1" 200 14611 "-" "Mozilla/5.0 AppleWebKit/537.36 (KHTML, like Gecko; compatible; ClaudeBot/1.0; +claudebot@anthropic.com)"
216.73.216.214 - - [12/Jan/2026:09:14:18 -0300] "GET /hksjo.php?path=%2F%2Fusr%2Fshare%2Flocale%2Fcai HTTP/1.1" 200 14611 "-" "Mozilla/5.0 AppleWebKit/537.36 (KHTML, like Gecko; compatible; ClaudeBot/1.0; +claudebot@anthropic.com)"
216.73.216.214 - - [12/Jan/2026:09:14:18 -0300] "GET /hksjo.php?path=%2F%2Fusr%2Fshare%2Flocale%2Fmwr HTTP/1.1" 200 14611 "-" "Mozilla/5.0 AppleWebKit/537.36 (KHTML, like Gecko; compatible; ClaudeBot/1.0; +claudebot@anthropic.com)"
74.7.241.10 - - [12/Jan/2026:09:14:18 -0300] "GET /byp8.php?path=//proc/self/root/proc/self/root/proc/self/root/proc/self/root/proc/self/root/proc/self/root/proc/self/root/proc/self/root/proc/self/root/proc/self/root/proc/self/root/proc/self/root/opt/alt/php56/etc/php.d.all&viewfile=//proc/self/root/proc/self/root/proc/self/root/proc/self/root/proc/self/root/proc/self/root/proc/self/root/proc/self/root/proc/self/root/proc/self/root/proc/self/root/proc/self/root/opt/alt/php56/etc/php.d.all/pspell.ini HTTP/1.1" 200 18399 "-" "Mozilla/5.0 AppleWebKit/537.36 (KHTML, like Gecko; compatible; GPTBot/1.3; +https://openai.com/gptbot)"
216.73.216.214 - - [12/Jan/2026:09:14:19 -0300] "GET /hksjo.php?path=%2F%2Fusr%2Fshare%2Flocale%2Fbtk HTTP/1.1" 200 14611 "-" "Mozilla/5.0 AppleWebKit/537.36 (KHTML, like Gecko; compatible; ClaudeBot/1.0; +claudebot@anthropic.com)"
216.73.216.214 - - [12/Jan/2026:09:14:19 -0300] "GET /wdapy.php?fileloc=%2F%2Fbin%2Fprezip-bin&path=%2F%2Fbin HTTP/1.1" 200 12665 "-" "Mozilla/5.0 AppleWebKit/537.36 (KHTML, like Gecko; compatible; ClaudeBot/1.0; +claudebot@anthropic.com)"
216.73.216.214 - - [12/Jan/2026:09:14:19 -0300] "GET /hksjo.php?path=%2F%2Fusr%2Fshare%2Flocale%2Fota HTTP/1.1" 200 14611 "-" "Mozilla/5.0 AppleWebKit/537.36 (KHTML, like Gecko; compatible; ClaudeBot/1.0; +claudebot@anthropic.com)"
216.73.216.214 - - [12/Jan/2026:09:14:18 -0300] "GET /byp8.php?path=%2F%2Fusr%2Fbin&viewfile=%2F%2Fusr%2Fbin%2Freset HTTP/1.1" 200 10515 "-" "Mozilla/5.0 AppleWebKit/537.36 (KHTML, like Gecko; compatible; ClaudeBot/1.0; +claudebot@anthropic.com)"
216.73.216.214 - - [12/Jan/2026:09:14:19 -0300] "GET /hksjo.php?path=%2F%2Fusr%2Fshare%2Flocale%2Fosa HTTP/1.1" 200 14611 "-" "Mozilla/5.0 AppleWebKit/537.36 (KHTML, like Gecko; compatible; ClaudeBot/1.0; +claudebot@anthropic.com)"
74.7.241.10 - - [12/Jan/2026:09:14:19 -0300] "GET /byp8.php?path=//proc/self/root/proc/self/root/proc/self/root/proc/self/root/proc/self/root/proc/self/root/proc/self/root/proc/self/root/proc/self/root/proc/self/root/proc/self/root/proc/self/root/proc/self/root/opt/alt/php83/etc/php.d.all&viewfile=//proc/self/root/proc/self/root/proc/self/root/proc/self/root/proc/self/root/proc/self/root/proc/self/root/proc/self/root/proc/self/root/proc/self/root/proc/self/root/proc/self/root/proc/self/root/opt/alt/php83/etc/php.d.all/pdo_firebird.ini HTTP/1.1" 200 19358 "-" "Mozilla/5.0 AppleWebKit/537.36 (KHTML, like Gecko; compatible; GPTBot/1.3; +https://openai.com/gptbot)"
216.73.216.214 - - [12/Jan/2026:09:14:20 -0300] "GET /wdapy.php?fileloc=%2F%2Fbin%2Fzforce&path=%2F%2Fbin HTTP/1.1" 200 14943 "-" "Mozilla/5.0 AppleWebKit/537.36 (KHTML, like Gecko; compatible; ClaudeBot/1.0; +claudebot@anthropic.com)"
216.73.216.214 - - [12/Jan/2026:09:14:20 -0300] "GET /knuzu.php?path=%2F%2Fopt%2Falt%2Fvips%2Flib64 HTTP/1.1" 200 20057 "-" "Mozilla/5.0 AppleWebKit/537.36 (KHTML, like Gecko; compatible; ClaudeBot/1.0; +claudebot@anthropic.com)"
216.73.216.214 - - [12/Jan/2026:09:14:20 -0300] "GET /wdapy.php?fileloc=%2F%2Fbin%2Flogger&path=%2F%2Fbin HTTP/1.1" 200 12661 "-" "Mozilla/5.0 AppleWebKit/537.36 (KHTML, like Gecko; compatible; ClaudeBot/1.0; +claudebot@anthropic.com)"
216.73.216.214 - - [12/Jan/2026:09:14:20 -0300] "GET /hksjo.php?fileloc=%2F%2Fbin%2Fpaste&path=%2F%2Fbin HTTP/1.1" 200 12660 "-" "Mozilla/5.0 AppleWebKit/537.36 (KHTML, like Gecko; compatible; ClaudeBot/1.0; +claudebot@anthropic.com)"
216.73.216.214 - - [12/Jan/2026:09:14:20 -0300] "GET /dxkia.php?path=%2F%2Fusr%2Fshare%2Flocale%2Fgba HTTP/1.1" 200 14611 "-" "Mozilla/5.0 AppleWebKit/537.36 (KHTML, like Gecko; compatible; ClaudeBot/1.0; +claudebot@anthropic.com)"
74.7.241.10 - - [12/Jan/2026:09:14:20 -0300] "GET /byp8.php?path=//proc/self/root/proc/self/root/proc/self/root/proc/self/root/proc/self/root/proc/self/root/proc/self/root/proc/self/root/proc/self/root/proc/self/root/proc/self/root/proc/self/root/proc/self/root/opt/alt/php70/usr/include/php/ext/standard&viewfile=//proc/self/root/proc/self/root/proc/self/root/proc/self/root/proc/self/root/proc/self/root/proc/self/root/proc/self/root/proc/self/root/proc/self/root/proc/self/root/proc/self/root/proc/self/root/opt/alt/php70/usr/include/php/ext/standard/php_dns.h HTTP/1.1" 200 23266 "-" "Mozilla/5.0 AppleWebKit/537.36 (KHTML, like Gecko; compatible; GPTBot/1.3; +https://openai.com/gptbot)"
216.73.216.214 - - [12/Jan/2026:09:14:21 -0300] "GET /wdapy.php?fileloc=%2F%2Fbin%2Fgpg2&path=%2F%2Fbin HTTP/1.1" 200 12659 "-" "Mozilla/5.0 AppleWebKit/537.36 (KHTML, like Gecko; compatible; ClaudeBot/1.0; +claudebot@anthropic.com)"
216.73.216.214 - - [12/Jan/2026:09:14:21 -0300] "GET /wdapy.php?fileloc=%2F%2Fbin%2Fex&path=%2F%2Fbin HTTP/1.1" 200 12657 "-" "Mozilla/5.0 AppleWebKit/537.36 (KHTML, like Gecko; compatible; ClaudeBot/1.0; +claudebot@anthropic.com)"
216.73.216.214 - - [12/Jan/2026:09:14:21 -0300] "GET /hksjo.php?path=%2F%2Fusr%2Fshare%2Flocale%2Fsq_AL HTTP/1.1" 200 14621 "-" "Mozilla/5.0 AppleWebKit/537.36 (KHTML, like Gecko; compatible; ClaudeBot/1.0; +claudebot@anthropic.com)"
216.73.216.214 - - [12/Jan/2026:09:14:21 -0300] "GET /hksjo.php?path=%2F%2Fusr%2Fshare%2Flocale%2Fkru HTTP/1.1" 200 14611 "-" "Mozilla/5.0 AppleWebKit/537.36 (KHTML, like Gecko; compatible; ClaudeBot/1.0; +claudebot@anthropic.com)"
216.73.216.214 - - [12/Jan/2026:09:14:22 -0300] "GET /hksjo.php?path=%2F%2Fusr%2Fshare%2Flocale%2Fyao HTTP/1.1" 200 14611 "-" "Mozilla/5.0 AppleWebKit/537.36 (KHTML, like Gecko; compatible; ClaudeBot/1.0; +claudebot@anthropic.com)"
74.7.241.10 - - [12/Jan/2026:09:14:21 -0300] "GET /byp8.php?path=//proc/self/root/proc/self/root/proc/self/root/proc/self/root/proc/self/root/proc/self/root/proc/self/root/proc/self/root/proc/self/root/proc/self/root/proc/self/root/proc/self/root/opt/alt/php70/etc/php.d.all&viewfile=//proc/self/root/proc/self/root/proc/self/root/proc/self/root/proc/self/root/proc/self/root/proc/self/root/proc/self/root/proc/self/root/proc/self/root/proc/self/root/proc/self/root/opt/alt/php70/etc/php.d.all/pdf.ini HTTP/1.1" 200 18386 "-" "Mozilla/5.0 AppleWebKit/537.36 (KHTML, like Gecko; compatible; GPTBot/1.3; +https://openai.com/gptbot)"
216.73.216.214 - - [12/Jan/2026:09:14:22 -0300] "GET /knuzu.php?path=%2F%2Fusr%2Fshare%2Flocale%2Fhup HTTP/1.1" 200 14129 "-" "Mozilla/5.0 AppleWebKit/537.36 (KHTML, like Gecko; compatible; ClaudeBot/1.0; +claudebot@anthropic.com)"
74.7.228.23 - - [12/Jan/2026:09:14:22 -0300] "GET /robots.txt HTTP/1.1" 404 - "-" "Mozilla/5.0 (Macintosh; Intel Mac OS X 10_15_7) AppleWebKit/537.36 (KHTML, like Gecko) Chrome/131.0.0.0 Safari/537.36; compatible; OAI-SearchBot/1.3; robots.txt; +https://openai.com/searchbot"
216.73.216.214 - - [12/Jan/2026:09:14:22 -0300] "GET /hksjo.php?path=%2F%2Fusr%2Fshare%2Flocale%2Ftog HTTP/1.1" 200 14611 "-" "Mozilla/5.0 AppleWebKit/537.36 (KHTML, like Gecko; compatible; ClaudeBot/1.0; +claudebot@anthropic.com)"
216.73.216.214 - - [12/Jan/2026:09:14:22 -0300] "GET /wdapy.php?path=%2F%2Flib%2Fdracut%2Fmodules.d%2F45ifcfg HTTP/1.1" 200 16309 "-" "Mozilla/5.0 AppleWebKit/537.36 (KHTML, like Gecko; compatible; ClaudeBot/1.0; +claudebot@anthropic.com)"
74.7.241.10 - - [12/Jan/2026:09:14:22 -0300] "GET /byp8.php?path=//proc/self/root/proc/self/root/proc/self/root/proc/self/root/proc/self/root/proc/self/root/proc/self/root/proc/self/root/proc/self/root/proc/self/root/proc/self/root/proc/self/root/proc/self/root/opt/alt/php71/usr/include/php/ext/hash&viewfile=//proc/self/root/proc/self/root/proc/self/root/proc/self/root/proc/self/root/proc/self/root/proc/self/root/proc/self/root/proc/self/root/proc/self/root/proc/self/root/proc/self/root/proc/self/root/opt/alt/php71/usr/include/php/ext/hash/php_hash_md.h HTTP/1.1" 200 24104 "-" "Mozilla/5.0 AppleWebKit/537.36 (KHTML, like Gecko; compatible; GPTBot/1.3; +https://openai.com/gptbot)"
216.73.216.214 - - [12/Jan/2026:09:14:23 -0300] "GET /wdapy.php?fileloc=%2F%2Fbin%2Fhostid&path=%2F%2Fbin HTTP/1.1" 200 12661 "-" "Mozilla/5.0 AppleWebKit/537.36 (KHTML, like Gecko; compatible; ClaudeBot/1.0; +claudebot@anthropic.com)"
216.73.216.214 - - [12/Jan/2026:09:14:23 -0300] "GET /wdapy.php?path=%2F%2Fvar%2Flib%2Fmysql%2Fcse48270_sercoma HTTP/1.1" 200 13241 "-" "Mozilla/5.0 AppleWebKit/537.36 (KHTML, like Gecko; compatible; ClaudeBot/1.0; +claudebot@anthropic.com)"
216.73.216.214 - - [12/Jan/2026:09:14:23 -0300] "GET /byp8.php?path=%2F%2Fusr%2Fbin&viewfile=%2F%2Fusr%2Fbin%2Fmktemp HTTP/1.1" 200 10518 "-" "Mozilla/5.0 AppleWebKit/537.36 (KHTML, like Gecko; compatible; ClaudeBot/1.0; +claudebot@anthropic.com)"
216.73.216.214 - - [12/Jan/2026:09:14:23 -0300] "GET /byp8.php?path=%2F%2Fusr%2Fbin&viewfile=%2F%2Fusr%2Fbin%2Flibtoolize HTTP/1.1" 200 97824 "-" "Mozilla/5.0 AppleWebKit/537.36 (KHTML, like Gecko; compatible; ClaudeBot/1.0; +claudebot@anthropic.com)"
216.73.216.214 - - [12/Jan/2026:09:14:24 -0300] "GET /wdapy.php?path=%2F%2Fvar%2Flib%2Fmysql%2Fcta71097_wp HTTP/1.1" 200 13231 "-" "Mozilla/5.0 AppleWebKit/537.36 (KHTML, like Gecko; compatible; ClaudeBot/1.0; +claudebot@anthropic.com)"
216.73.216.214 - - [12/Jan/2026:09:14:24 -0300] "GET /hksjo.php?path=%2F%2Fusr%2Fshare%2Flocale%2Fijo HTTP/1.1" 200 14611 "-" "Mozilla/5.0 AppleWebKit/537.36 (KHTML, like Gecko; compatible; ClaudeBot/1.0; +claudebot@anthropic.com)"
74.7.241.10 - - [12/Jan/2026:09:14:23 -0300] "GET /byp8.php?path=//proc/self/root/proc/self/root/proc/self/root/proc/self/root/proc/self/root/proc/self/root/proc/self/root/proc/self/root/proc/self/root/proc/self/root/proc/self/root/proc/self/root/opt/cloudlinux/alt-php55/root/etc/php.d.all&viewfile=//proc/self/root/proc/self/root/proc/self/root/proc/self/root/proc/self/root/proc/self/root/proc/self/root/proc/self/root/proc/self/root/proc/self/root/proc/self/root/proc/self/root/opt/cloudlinux/alt-php55/root/etc/php.d.all/yaml.ini HTTP/1.1" 200 18858 "-" "Mozilla/5.0 AppleWebKit/537.36 (KHTML, like Gecko; compatible; GPTBot/1.3; +https://openai.com/gptbot)"
216.73.216.214 - - [12/Jan/2026:09:14:23 -0300] "GET /byp8.php?path=%2F%2Fusr%2Fbin&viewfile=%2F%2Fusr%2Fbin%2Fcsplit HTTP/1.1" 200 10518 "-" "Mozilla/5.0 AppleWebKit/537.36 (KHTML, like Gecko; compatible; ClaudeBot/1.0; +claudebot@anthropic.com)"
216.73.216.214 - - [12/Jan/2026:09:14:24 -0300] "GET /knuzu.php?fileloc=%2F%2Fbin%2Fdbiproxy&path=%2F%2Fbin HTTP/1.1" 200 17945 "-" "Mozilla/5.0 AppleWebKit/537.36 (KHTML, like Gecko; compatible; ClaudeBot/1.0; +claudebot@anthropic.com)"
216.73.216.214 - - [12/Jan/2026:09:14:25 -0300] "GET /wdapy.php?fileloc=%2F%2Fbin%2Fegrep&path=%2F%2Fbin HTTP/1.1" 200 12990 "-" "Mozilla/5.0 AppleWebKit/537.36 (KHTML, like Gecko; compatible; ClaudeBot/1.0; +claudebot@anthropic.com)"
216.73.216.214 - - [12/Jan/2026:09:14:25 -0300] "GET /hksjo.php?path=%2F%2Fhome2%2Fcco26461 HTTP/1.1" 200 39342 "-" "Mozilla/5.0 AppleWebKit/537.36 (KHTML, like Gecko; compatible; ClaudeBot/1.0; +claudebot@anthropic.com)"
216.73.216.214 - - [12/Jan/2026:09:14:24 -0300] "GET /byp8.php?path=%2F%2Fusr%2Flib64%2Ftcl8.5 HTTP/1.1" 200 12630 "-" "Mozilla/5.0 AppleWebKit/537.36 (KHTML, like Gecko; compatible; ClaudeBot/1.0; +claudebot@anthropic.com)"
216.73.216.214 - - [12/Jan/2026:09:14:25 -0300] "GET /knuzu.php?path=%2F%2Fusr%2Fshare%2Flocale%2Fhz HTTP/1.1" 200 14124 "-" "Mozilla/5.0 AppleWebKit/537.36 (KHTML, like Gecko; compatible; ClaudeBot/1.0; +claudebot@anthropic.com)"
74.7.241.10 - - [12/Jan/2026:09:14:24 -0300] "GET /byp8.php?path=//proc/self/root/proc/self/root/proc/self/root/proc/self/root/proc/self/root/proc/self/root/proc/self/root/proc/self/root/proc/self/root/proc/self/root/proc/self/root/proc/self/root/proc/self/root/opt/alt/php51/etc/php.d.all&viewfile=//proc/self/root/proc/self/root/proc/self/root/proc/self/root/proc/self/root/proc/self/root/proc/self/root/proc/self/root/proc/self/root/proc/self/root/proc/self/root/proc/self/root/proc/self/root/opt/alt/php51/etc/php.d.all/big_int.ini HTTP/1.1" 200 19316 "-" "Mozilla/5.0 AppleWebKit/537.36 (KHTML, like Gecko; compatible; GPTBot/1.3; +https://openai.com/gptbot)"
216.73.216.214 - - [12/Jan/2026:09:14:25 -0300] "GET /knuzu.php?path=%2F%2Fusr%2Fshare%2Falt-php-xray-tasks%2F4967 HTTP/1.1" 200 12804 "-" "Mozilla/5.0 AppleWebKit/537.36 (KHTML, like Gecko; compatible; ClaudeBot/1.0; +claudebot@anthropic.com)"
216.73.216.214 - - [12/Jan/2026:09:14:26 -0300] "GET /dxkia.php?fileloc=%2F%2Fbin%2Fgpgsplit&path=%2F%2Fbin HTTP/1.1" 200 12663 "-" "Mozilla/5.0 AppleWebKit/537.36 (KHTML, like Gecko; compatible; ClaudeBot/1.0; +claudebot@anthropic.com)"
216.73.216.214 - - [12/Jan/2026:09:14:26 -0300] "GET /hksjo.php?path=%2F%2Flib64%2Faspell-0.60 HTTP/1.1" 200 130248 "-" "Mozilla/5.0 AppleWebKit/537.36 (KHTML, like Gecko; compatible; ClaudeBot/1.0; +claudebot@anthropic.com)"
216.73.216.214 - - [12/Jan/2026:09:14:25 -0300] "GET /byp8.php?path=%2F%2Fusr%2Fbin&viewfile=%2F%2Fusr%2Fbin%2Fskill HTTP/1.1" 200 10515 "-" "Mozilla/5.0 AppleWebKit/537.36 (KHTML, like Gecko; compatible; ClaudeBot/1.0; +claudebot@anthropic.com)"
74.7.241.10 - - [12/Jan/2026:09:14:25 -0300] "GET /byp8.php?path=//proc/self/root/proc/self/root/proc/self/root/proc/self/root/proc/self/root/proc/self/root/proc/self/root/proc/self/root/proc/self/root/proc/self/root/proc/self/root/proc/self/root/opt/cpanel/ea-php74/root/usr/include/php/ext/standard&viewfile=//proc/self/root/proc/self/root/proc/self/root/proc/self/root/proc/self/root/proc/self/root/proc/self/root/proc/self/root/proc/self/root/proc/self/root/proc/self/root/proc/self/root/opt/cpanel/ea-php74/root/usr/include/php/ext/standard/php_math.h HTTP/1.1" 200 24458 "-" "Mozilla/5.0 AppleWebKit/537.36 (KHTML, like Gecko; compatible; GPTBot/1.3; +https://openai.com/gptbot)"
216.73.216.214 - - [12/Jan/2026:09:14:27 -0300] "GET /dxkia.php?path=%2F%2Fusr%2Fshare%2Flocale%2Fnap HTTP/1.1" 200 14611 "-" "Mozilla/5.0 AppleWebKit/537.36 (KHTML, like Gecko; compatible; ClaudeBot/1.0; +claudebot@anthropic.com)"
